{"id":102,"date":"2022-09-04T13:15:13","date_gmt":"2022-09-04T11:15:13","guid":{"rendered":"https:\/\/www.luftfeuchtigkeitsregler.de\/?page_id=102"},"modified":"2022-09-15T14:45:52","modified_gmt":"2022-09-15T12:45:52","slug":"statistik","status":"publish","type":"page","link":"https:\/\/www.luftfeuchtigkeitsregler.de\/index.php\/statistik\/","title":{"rendered":"Statistik"},"content":{"rendered":"\n<p>Luftentfeuchtung&nbsp;<strong>mal eben schnell funktioniert nicht<\/strong>. Der Wasserdampf wird von W\u00e4nden, B\u00f6den, Decken und M\u00f6beln aufgenommen und wieder abgegeben. Bis auch dort der Wasserdampf entzogen ist, wird es viele Tage und sogar Monate dauern.<\/p>\n\n\n\n<p>Ge\u00f6ffnete T\u00fcren und Fenster oder feuchte Quellen wie Kellerboden und nasse W\u00e4sche bringen neues Wasser ein. Kaum ein Raum wird hermetisch abgeschlossen und nie wieder betreten.<\/p>\n\n\n\n<p>Der Luftfeuchtigkeitsregler protokolliert alle wichtigen Daten (relative Luftfeuchtigkeit, Einschaltdauer, Temperatur und Taupunkt). Im Browser und in jeder eMail werden diese grafisch Dargestellt und k\u00f6nen im Detail f\u00fcr bis zu 21 Tage (konfigurierbar) und in der \u00dcbersicht f\u00fcr ein ganzes Jahr angezeigt werden.<\/p>\n\n\n\n<p>So lassen sich Ursachen identifizieren, um einen noch energiesparsameren Betrieb einzurichten.<\/p>\n\n\n\n<hr class=\"wp-block-separator has-alpha-channel-opacity is-style-wide\"\/>\n\n\n\n<div style=\"height:20px\" aria-hidden=\"true\" class=\"wp-block-spacer\"><\/div>\n\n\n\n<p><strong>Beispiel<\/strong>: Daten der letzten 7 Tage sowie des vergangenen Jahres. Bei n\u00e4herer Betrachtung ist auff\u00e4llig, dass der Entfeuchter t\u00e4glich nur f\u00fcr einen kurzen Moment eingeschaltet ist, aber dennoch der Abstand zwischen Temperatur und Taupunkt selbst in der Jahresbetrachtung nahezu konstant gehalten werden konnte.<\/p>\n\n\n\n<figure class=\"wp-block-image size-full\"><img loading=\"lazy\" decoding=\"async\" width=\"800\" height=\"350\" src=\"https:\/\/www.luftfeuchtigkeitsregler.de\/wp-content\/uploads\/2022\/09\/Statistik_hygro_7Tage.png\" alt=\"\" class=\"wp-image-169\" srcset=\"https:\/\/www.luftfeuchtigkeitsregler.de\/wp-content\/uploads\/2022\/09\/Statistik_hygro_7Tage.png 800w, https:\/\/www.luftfeuchtigkeitsregler.de\/wp-content\/uploads\/2022\/09\/Statistik_hygro_7Tage-300x131.png 300w, https:\/\/www.luftfeuchtigkeitsregler.de\/wp-content\/uploads\/2022\/09\/Statistik_hygro_7Tage-768x336.png 768w\" sizes=\"auto, (max-width: 800px) 100vw, 800px\" \/><\/figure>\n\n\n\n<figure class=\"wp-block-image size-full\"><img loading=\"lazy\" decoding=\"async\" width=\"800\" height=\"350\" src=\"https:\/\/www.luftfeuchtigkeitsregler.de\/wp-content\/uploads\/2022\/09\/Statistik_Temp_7Tage.png\" alt=\"\" class=\"wp-image-170\" srcset=\"https:\/\/www.luftfeuchtigkeitsregler.de\/wp-content\/uploads\/2022\/09\/Statistik_Temp_7Tage.png 800w, https:\/\/www.luftfeuchtigkeitsregler.de\/wp-content\/uploads\/2022\/09\/Statistik_Temp_7Tage-300x131.png 300w, https:\/\/www.luftfeuchtigkeitsregler.de\/wp-content\/uploads\/2022\/09\/Statistik_Temp_7Tage-768x336.png 768w\" sizes=\"auto, (max-width: 800px) 100vw, 800px\" \/><\/figure>\n\n\n\n<figure class=\"wp-block-image size-full\"><img loading=\"lazy\" decoding=\"async\" width=\"800\" height=\"350\" src=\"https:\/\/www.luftfeuchtigkeitsregler.de\/wp-content\/uploads\/2022\/09\/Statistik_hygro_365Tage.png\" alt=\"\" class=\"wp-image-171\" srcset=\"https:\/\/www.luftfeuchtigkeitsregler.de\/wp-content\/uploads\/2022\/09\/Statistik_hygro_365Tage.png 800w, https:\/\/www.luftfeuchtigkeitsregler.de\/wp-content\/uploads\/2022\/09\/Statistik_hygro_365Tage-300x131.png 300w, https:\/\/www.luftfeuchtigkeitsregler.de\/wp-content\/uploads\/2022\/09\/Statistik_hygro_365Tage-768x336.png 768w\" sizes=\"auto, (max-width: 800px) 100vw, 800px\" \/><\/figure>\n\n\n\n<figure class=\"wp-block-image size-full\"><img loading=\"lazy\" decoding=\"async\" width=\"800\" height=\"350\" src=\"https:\/\/www.luftfeuchtigkeitsregler.de\/wp-content\/uploads\/2022\/09\/Statistik_Temp_365Tage.png\" alt=\"\" class=\"wp-image-172\" srcset=\"https:\/\/www.luftfeuchtigkeitsregler.de\/wp-content\/uploads\/2022\/09\/Statistik_Temp_365Tage.png 800w, https:\/\/www.luftfeuchtigkeitsregler.de\/wp-content\/uploads\/2022\/09\/Statistik_Temp_365Tage-300x131.png 300w, https:\/\/www.luftfeuchtigkeitsregler.de\/wp-content\/uploads\/2022\/09\/Statistik_Temp_365Tage-768x336.png 768w\" sizes=\"auto, (max-width: 800px) 100vw, 800px\" \/><\/figure>\n\n\n\n<div style=\"height:40px\" aria-hidden=\"true\" class=\"wp-block-spacer\"><\/div>\n\n\n\n<p><a href=\"https:\/\/www.luftfeuchtigkeitsregler.de\/index.php\/wifi-einrichtung-ueber-bluetooth\/\"><strong><mark style=\"background-color:rgba(0, 0, 0, 0)\" class=\"has-inline-color has-vivid-green-cyan-color\">n\u00e4chtes Feature: WiFi-Einrichtung \u00fcber Bluetooth -><\/mark><\/strong><\/a><\/p>\n","protected":false},"excerpt":{"rendered":"<p>Luftentfeuchtung&nbsp;mal eben schnell funktioniert nicht. Der Wasserdampf wird von W\u00e4nden, B\u00f6den, Decken und M\u00f6beln aufgenommen und wieder abgegeben. Bis auch dort der Wasserdampf entzogen ist, wird es viele Tage und sogar Monate dauern. Ge\u00f6ffnete T\u00fcren und Fenster oder feuchte Quellen wie Kellerboden und nasse W\u00e4sche bringen neues Wasser ein. Kaum ein Raum wird hermetisch abgeschlossen [&hellip;]<\/p>\n","protected":false},"author":1,"featured_media":0,"parent":0,"menu_order":0,"comment_status":"closed","ping_status":"closed","template":"","meta":{"footnotes":""},"class_list":["post-102","page","type-page","status-publish","hentry"],"_links":{"self":[{"href":"https:\/\/www.luftfeuchtigkeitsregler.de\/index.php\/wp-json\/wp\/v2\/pages\/102","targetHints":{"allow":["GET"]}}],"collection":[{"href":"https:\/\/www.luftfeuchtigkeitsregler.de\/index.php\/wp-json\/wp\/v2\/pages"}],"about":[{"href":"https:\/\/www.luftfeuchtigkeitsregler.de\/index.php\/wp-json\/wp\/v2\/types\/page"}],"author":[{"embeddable":true,"href":"https:\/\/www.luftfeuchtigkeitsregler.de\/index.php\/wp-json\/wp\/v2\/users\/1"}],"replies":[{"embeddable":true,"href":"https:\/\/www.luftfeuchtigkeitsregler.de\/index.php\/wp-json\/wp\/v2\/comments?post=102"}],"version-history":[{"count":4,"href":"https:\/\/www.luftfeuchtigkeitsregler.de\/index.php\/wp-json\/wp\/v2\/pages\/102\/revisions"}],"predecessor-version":[{"id":475,"href":"https:\/\/www.luftfeuchtigkeitsregler.de\/index.php\/wp-json\/wp\/v2\/pages\/102\/revisions\/475"}],"wp:attachment":[{"href":"https:\/\/www.luftfeuchtigkeitsregler.de\/index.php\/wp-json\/wp\/v2\/media?parent=102"}],"curies":[{"name":"wp","href":"https:\/\/api.w.org\/{rel}","templated":true}]}}