{"id":126,"date":"2022-09-04T14:58:34","date_gmt":"2022-09-04T12:58:34","guid":{"rendered":"https:\/\/www.luftfeuchtigkeitsregler.de\/?page_id=126"},"modified":"2022-09-15T14:34:51","modified_gmt":"2022-09-15T12:34:51","slug":"geraetestoerung","status":"publish","type":"page","link":"https:\/\/www.luftfeuchtigkeitsregler.de\/index.php\/geraetestoerung\/","title":{"rendered":"Ger\u00e4test\u00f6rung"},"content":{"rendered":"\n<p>Der Luftfeuchtigkeitsregler ist so ausgelegt, dass er mit <strong>JEDEM <\/strong>handels\u00fcblichen Luftentfeuchter ohne Modifikationen zusammenarbeiten kann.<\/p>\n\n\n\n<p>Nat\u00fcrlich kann der eben erworbene Luftentfeuchter nicht zerlegt werden, um Kabel und Schalter f\u00fcr irgendwelche Me\u00dfwerte anzubringen. Mein Luftfeuchtigkeitsregler mu\u00df das Ger\u00e4t erkennen und aus anderen Paramtern auf die Funktion schlie\u00dfen.<\/p>\n\n\n\n<p>Z.B. \u00fcberwacht es den Stromverbrauch des Ger\u00e4tes. Sollte das Ger\u00e4t an sich eingeschaltet sein aber dennoch keine nennenswerte Leistungsaufnahme gemessen werden, liegt wahrscheinlich eine Ger\u00e4test\u00f6rung vor. M\u00f6glicherweise ist der Wassertank voll?<\/p>\n\n\n\n<p>Eine eMail benachrichtigt Sie, um nach dem Rechten zu schauen.<\/p>\n\n\n\n<hr class=\"wp-block-separator has-alpha-channel-opacity is-style-wide\"\/>\n\n\n\n<div style=\"height:20px\" aria-hidden=\"true\" class=\"wp-block-spacer\"><\/div>\n\n\n\n<figure class=\"wp-block-image size-full\"><img loading=\"lazy\" decoding=\"async\" width=\"800\" height=\"350\" src=\"https:\/\/www.luftfeuchtigkeitsregler.de\/wp-content\/uploads\/2022\/09\/Geraetestoerung.png\" alt=\"\" class=\"wp-image-135\" srcset=\"https:\/\/www.luftfeuchtigkeitsregler.de\/wp-content\/uploads\/2022\/09\/Geraetestoerung.png 800w, https:\/\/www.luftfeuchtigkeitsregler.de\/wp-content\/uploads\/2022\/09\/Geraetestoerung-300x131.png 300w, https:\/\/www.luftfeuchtigkeitsregler.de\/wp-content\/uploads\/2022\/09\/Geraetestoerung-768x336.png 768w\" sizes=\"auto, (max-width: 800px) 100vw, 800px\" \/><\/figure>\n\n\n\n<p><strong>Beispiel<\/strong>: die anf\u00e4nglich gute Entfeuchtungsleistung bricht pl\u00f6tzlich ab. Es sieht so aus, als g\u00e4be es ein Problem. Eine Ger\u00e4test\u00f6rung?<\/p>\n\n\n\n<div style=\"height:40px\" aria-hidden=\"true\" class=\"wp-block-spacer\"><\/div>\n\n\n\n<p><a href=\"https:\/\/www.luftfeuchtigkeitsregler.de\/index.php\/enteisungserkennung\/\"><strong><mark style=\"background-color:rgba(0, 0, 0, 0)\" class=\"has-inline-color has-vivid-green-cyan-color\">n\u00e4chtes Feature: Enteisungserkennung -><\/mark><\/strong><\/a><\/p>\n","protected":false},"excerpt":{"rendered":"<p>Der Luftfeuchtigkeitsregler ist so ausgelegt, dass er mit JEDEM handels\u00fcblichen Luftentfeuchter ohne Modifikationen zusammenarbeiten kann. Nat\u00fcrlich kann der eben erworbene Luftentfeuchter nicht zerlegt werden, um Kabel und Schalter f\u00fcr irgendwelche Me\u00dfwerte anzubringen. Mein Luftfeuchtigkeitsregler mu\u00df das Ger\u00e4t erkennen und aus anderen Paramtern auf die Funktion schlie\u00dfen. Z.B. \u00fcberwacht es den Stromverbrauch des Ger\u00e4tes. Sollte das [&hellip;]<\/p>\n","protected":false},"author":1,"featured_media":0,"parent":0,"menu_order":0,"comment_status":"closed","ping_status":"closed","template":"","meta":{"footnotes":""},"class_list":["post-126","page","type-page","status-publish","hentry"],"_links":{"self":[{"href":"https:\/\/www.luftfeuchtigkeitsregler.de\/index.php\/wp-json\/wp\/v2\/pages\/126","targetHints":{"allow":["GET"]}}],"collection":[{"href":"https:\/\/www.luftfeuchtigkeitsregler.de\/index.php\/wp-json\/wp\/v2\/pages"}],"about":[{"href":"https:\/\/www.luftfeuchtigkeitsregler.de\/index.php\/wp-json\/wp\/v2\/types\/page"}],"author":[{"embeddable":true,"href":"https:\/\/www.luftfeuchtigkeitsregler.de\/index.php\/wp-json\/wp\/v2\/users\/1"}],"replies":[{"embeddable":true,"href":"https:\/\/www.luftfeuchtigkeitsregler.de\/index.php\/wp-json\/wp\/v2\/comments?post=126"}],"version-history":[{"count":4,"href":"https:\/\/www.luftfeuchtigkeitsregler.de\/index.php\/wp-json\/wp\/v2\/pages\/126\/revisions"}],"predecessor-version":[{"id":467,"href":"https:\/\/www.luftfeuchtigkeitsregler.de\/index.php\/wp-json\/wp\/v2\/pages\/126\/revisions\/467"}],"wp:attachment":[{"href":"https:\/\/www.luftfeuchtigkeitsregler.de\/index.php\/wp-json\/wp\/v2\/media?parent=126"}],"curies":[{"name":"wp","href":"https:\/\/api.w.org\/{rel}","templated":true}]}}