{"id":388,"date":"2022-09-05T15:59:29","date_gmt":"2022-09-05T13:59:29","guid":{"rendered":"https:\/\/www.luftfeuchtigkeitsregler.de\/?page_id=388"},"modified":"2022-09-15T14:50:04","modified_gmt":"2022-09-15T12:50:04","slug":"softwareupdates","status":"publish","type":"page","link":"https:\/\/www.luftfeuchtigkeitsregler.de\/index.php\/softwareupdates\/","title":{"rendered":"Softwareupdates"},"content":{"rendered":"\n<p>Die entwickelte Software ist \u00fcber Jahre gereift und beinhaltet viele Funktionen. Aber keine Software ist f\u00fcr die Ewigkeit, die n\u00e4chsten Ideen kommen bestimmt.<\/p>\n\n\n\n<p>Deshalb ist ein<strong> automatisches Modul zur Softwareaktualisierung<\/strong> \u00fcber das Internet enthalten. In regelm\u00e4\u00dfigen Abst\u00e4nden kontaktiert das Ger\u00e4t meinen Server und l\u00e4dt neue St\u00e4nde herunter.<\/p>\n\n\n\n<p>Falls erforderlich wird ein anstehendes Update in der Browserkonsole angezeigt, das Sie mit einem Neustart des Ger\u00e4tes aktivieren.<\/p>\n\n\n\n<div style=\"height:30px\" aria-hidden=\"true\" class=\"wp-block-spacer\"><\/div>\n\n\n\n<p><strong>Gut zu wissen:<\/strong><\/p>\n\n\n\n<p>Im Ger\u00e4t gibt es <strong>keine Laufzeitbeschr\u00e4nkungen<\/strong>. Einmal eingerichtet l\u00e4uft es viele Jahre auch ohne neue Features.<\/p>\n\n\n\n<div style=\"height:40px\" aria-hidden=\"true\" class=\"wp-block-spacer\"><\/div>\n\n\n\n<p><a href=\"https:\/\/www.luftfeuchtigkeitsregler.de\/index.php\/robuste-datenbank\/\"><strong><mark style=\"background-color:rgba(0, 0, 0, 0)\" class=\"has-inline-color has-vivid-green-cyan-color\">n\u00e4chstes Feature: Robuste Datenbank -><\/mark><\/strong><\/a><\/p>\n","protected":false},"excerpt":{"rendered":"<p>Die entwickelte Software ist \u00fcber Jahre gereift und beinhaltet viele Funktionen. Aber keine Software ist f\u00fcr die Ewigkeit, die n\u00e4chsten Ideen kommen bestimmt. Deshalb ist ein automatisches Modul zur Softwareaktualisierung \u00fcber das Internet enthalten. In regelm\u00e4\u00dfigen Abst\u00e4nden kontaktiert das Ger\u00e4t meinen Server und l\u00e4dt neue St\u00e4nde herunter. Falls erforderlich wird ein anstehendes Update in der [&hellip;]<\/p>\n","protected":false},"author":1,"featured_media":0,"parent":0,"menu_order":0,"comment_status":"closed","ping_status":"closed","template":"","meta":{"footnotes":""},"class_list":["post-388","page","type-page","status-publish","hentry"],"_links":{"self":[{"href":"https:\/\/www.luftfeuchtigkeitsregler.de\/index.php\/wp-json\/wp\/v2\/pages\/388","targetHints":{"allow":["GET"]}}],"collection":[{"href":"https:\/\/www.luftfeuchtigkeitsregler.de\/index.php\/wp-json\/wp\/v2\/pages"}],"about":[{"href":"https:\/\/www.luftfeuchtigkeitsregler.de\/index.php\/wp-json\/wp\/v2\/types\/page"}],"author":[{"embeddable":true,"href":"https:\/\/www.luftfeuchtigkeitsregler.de\/index.php\/wp-json\/wp\/v2\/users\/1"}],"replies":[{"embeddable":true,"href":"https:\/\/www.luftfeuchtigkeitsregler.de\/index.php\/wp-json\/wp\/v2\/comments?post=388"}],"version-history":[{"count":2,"href":"https:\/\/www.luftfeuchtigkeitsregler.de\/index.php\/wp-json\/wp\/v2\/pages\/388\/revisions"}],"predecessor-version":[{"id":481,"href":"https:\/\/www.luftfeuchtigkeitsregler.de\/index.php\/wp-json\/wp\/v2\/pages\/388\/revisions\/481"}],"wp:attachment":[{"href":"https:\/\/www.luftfeuchtigkeitsregler.de\/index.php\/wp-json\/wp\/v2\/media?parent=388"}],"curies":[{"name":"wp","href":"https:\/\/api.w.org\/{rel}","templated":true}]}}